 x. Calculate the remainder when n is divided by 4.
3
Let y(i) = i**2 + 3*i + 2. Calculate the remainder when y(-4) is divided by 4.
2
Suppose c - 2 = 22. Calculate the remainder when 117 is divided by c.
21
Calculate the remainder when (-31 + 1)*(-4)/6 is divided by 12.
8
Let q = -53 - -109. Calculate the remainder when q is divided by (-405)/(-21) + 4/(-14).
18
Suppose -5*d = -2*c - 38, 0 = -4*d - 6*c + c + 4. Suppose 3*g - o - 39 = 0, 5*g = -o + d*o + 75. Calculate the remainder when 46 is divided by g.
10
Suppose -5*k + 16 = 4*z, -3*k - 2 = z - 13. Suppose -2*o + 19 = -m + 3*o, -4*m = 2*o - 34. Calculate the remainder when m is divided by k.
2
Let l = 87 + -54. What is the remainder when 63 is divided by l?
30
Suppose 0 = -4*q + 32 + 4. What is the remainder when q is divided by 4?
1
Let q = 8 + -20. Let z = q - -22. Let j(v) = v**3 + 8*v**2 + 2*v - 7. Calculate the remainder when j(-7) is divided by z.
8
Suppose -3*t + 36 + 15 = 0. Suppose -2*p - s - 4*s = 2, s = -3*p + 23. Calculate the remainder when t is divided by p.
8
Suppose -5*m + 3*n + 19 = -0*m, 4 = 2*n. Let r = -5 + 23. What is the remainder when r is divided by m?
3
Suppose -6*f + 20 + 10 = 0. What is the remainder when 29 is divided by f?
4
Suppose 171 = 3*m - 3*x, -2*m = 2*m + 5*x - 201. What is the remainder when m is divided by 11?
10
Let z be (-8)/20 + 24/10. Let m(c) = 2 + 5 - 6*c + 2*c**z - 2. Calculate the remainder when 25 is divided by m(4).
12
Let t(w) be the third derivative of -w**4/24 + 2*w**2. Calculate the remainder when 17 is divided by t(-4).
1
Calculate the remainder when 359/17 + 34/(-289) is divided by 8.
5
Suppose 2*u - 19 = -c, 3*c = u - 7 + 43. Calculate the remainder when 50 is divided by c.
11
Suppose -15 = -4*x + 4*w + 13, 4*w = 4. Let b = -23 - -38. Calculate the remainder when b is divided by x.
7
Suppose 55 = 4*j - 5. What is the remainder when -10*3/(15/(-8)) is divided by (9/(-15))/((-1)/j)?
7
Let m(w) be the first derivative of w**4/4 + 4*w**3/3 - 3*w**2/2 - 2*w + 2. Let h(y) = y**2 + 5*y + 6. What is the remainder when m(-3) is divided by h(-5)?
4
Suppose -4*f + 79 = 3*o, 2*f = -3*o + 27 + 14. What is the remainder when 33 is divided by f?
14
Let c(v) = v**2 + 5. Let a be c(0). Suppose -g + a = 0, 32 = -x + 2*x - g. Calculate the remainder when x is divided by 10.
7
Suppose 2*u + 4*x - 46 = 0, 10 = -4*x - x. Calculate the remainder when u is divided by 14.
13
Let j(i) = 11*i**2 - 2*i + 1. Calculate the remainder when j(2) is divided by 4.
1
Let x be -2 - -2 - 0 - -3. Suppose x*j - 4*j = r - 58, -4*r + 232 = -3*j. What is the remainder when r is divided by 15?
13
Let n(m) be the third derivative of -3*m**2 - 1/15*m**5 + 0 - 1/12*m**4 - 5/6*m**3 - 1/120*m**6 + 0*m. What is the remainder when 8 is divided by n(-4)?
2
Suppose -2*y + 3 = -3. Suppose -4*v = 3*h - 70, -2*v - 5*h + 85 = y*v. Calculate the remainder when v is divided by 7.
5
Calculate the remainder when (1 - (-4)/(-6))*93 is divided by 17.
14
What is the remainder when 21 is divided by 3 - ((-44)/4 + 2)?
9
Let a be 46/(-2 + 6 + -2). Suppose 5*x - a = -8. What is the remainder when 33 is divided by (2 - x)*-18 - 1?
16
Let x = 42 - 25. Let c(l) = l**3 + l**2 + 3*l + 4. What is the remainder when c(3) is divided by x?
15
Let b = -101 - -162. Let k = 2 + 19. What is the remainder when b is divided by k?
19
Let z = -91 + 54. Suppose 3*k + 7 = 2*k. Let c = k - z. Calculate the remainder when c is divided by 16.
14
Suppose -9 = -2*r + 5*w, -w = -2*r + 9 + 12. Suppose -12 - r = -4*t. Let q = 6 - -3. Calculate the remainder when q is divided by t.
3
Suppose 3*x = -t + 57, t - 2*x = 9 + 23. Let w = 53 + -31. What is the remainder when t is divided by w?
20
Let x(o) = -5*o**2 + 1. Let r be x(-1). What is the remainder when 36/24 - 146/r is divided by 13?
12
Let v = 97 + -13. Let h = v - 40. Calculate the remainder when h is divided by 9.
8
Let y = 118 + -37. Let i(q) = q + 13. Let r be i(-16). What is the remainder when y is divided by (-3)/(-2)*12 - r?
18
Let j(h) = 5*h**2 - 9*h + 12. What is the remainder when 125 is divided by j(2)?
13
Suppose -3*b + 5*q = -43, 3*b - 47 = -2*b - 4*q. Calculate the remainder when b is divided by 8.
3
Suppose -s + 7*s = 18. Calculate the remainder when 129 is divided by (-9)/s*(-12 + 1).
30
Let g = 153 - 119. Calculate the remainder when g is divided by 14.
6
Calculate the remainder when 68 is divided by (-3 + 1)*-11 - -1.
22
Let g(h) = -h**2 + 8*h + 3. Let y be (-3)/21 + 58/14. Suppose y*v + 15 = 155. Calculate the remainder when v is divided by g(5).
17
Suppose -5*j + 19 = 4*a - 36, -5*j = 3*a - 45. What is the remainder when 16 is divided by a?
6
What is the remainder when (-1)/(-3)*3/(-6)*-258 is divided by 23?
20
Suppose -s - 6 = -2. Let k(i) = 2*i**2 + 2*i + 3. What is the remainder when k(s) is divided by 15?
12
What is the remainder when 57 is divided by -5*(72/(-3))/4?
27
Suppose 11 = l + 3*t, -3*l - 2*l + 5 = 5*t. Let w be (-1 - 1)*(l + 3). Calculate the remainder when 34 - (-4 + w) - -2 is divided by 13.
12
Let r = 84 + -29. Let q = 56 - 26. Let a = -11 + q. Calculate the remainder when r is divided by a.
17
Let s = -6 + 5. Let a be (25/20)/(s/(-4)). Suppose -168 = -a*g - 28. Calculate the remainder when g is divided by 15.
13
Suppose -p = 3*p - 2*r + 6, -9 = p - 3*r. Suppose p = -2*o + 17 + 1. Calculate the remainder when o is divided by 5.
4
Let r = -77 - -110. What is the remainder when r is divided by 9?
6
Suppose 0 = -2*u - 2*u + 5*r + 112, -u - 2*r + 41 = 0. Calculate the remainder when u/(5 + -1 + -3) is divided by -1 + (-18)/(1/(-1)).
16
Suppose 0 = 3*d - 16 - 23. Calculate the remainder when 24 is divided by d.
11
Suppose b - 6*b - j = -52, 5*j - 10 = 0. What is the remainder when 29 is divided by b?
9
Let i be (-9)/12 - (-6)/8. Suppose -s + 25 = 4*p, -s + i*s - 2*p + 15 = 0. What is the remainder when ((-4)/(-6))/((-1)/(-12)) is divided by s?
3
Let z(b) = -34*b**3 + 2*b**2 + b. What is the remainder when z(-1) is divided by 9?
8
Let g = 83 - 57. What is the remainder when 103 is divided by g?
25
Let a(b) = -b**2 - 7*b + 4. Let n be a(-9). Let y = n + 52. Suppose 5*v = k - 5, -5*k + 4*k = -3*v - 7. What is the remainder when y is divided by k?
8
Let p(f) = -128*f + 9. Calculate the remainder when p(-1) is divided by 20.
17
Let g(u) = -2*u**3 - 2*u**2 - 1. Let z be g(-3). Suppose z + 7 = a. What is the remainder when a is divided by 11?
9
Let o = -48 + 96. Suppose -o = -5*k + k. Calculate the remainder when 33 is divided by k.
9
Suppose -u + 5*s + 17 = -6, u = 4*s + 18. What is the remainder when (-31)/(-2 - 2/u) is divided by 16?
15
Suppose -m - b = -5, 0 = 5*m - 3*m + 4*b. Let f = 9 - m. Let n = f + 12. Calculate the remainder when n is divided by 6.
5
Let s = -18 + 27. What is the remainder when 35 is divided by s?
8
Let b(z) = z + 20. Calculate the remainder when 8 is divided by b(-15).
3
Suppose f + 156 = -f. Let t be f/(-15) - (-2)/(-10). Suppose -t*s - 5*u + 175 = 0, 24 + 11 = s - 2*u. What is the remainder when s is divided by 12?
11
Let n(v) = -v**3 + 6*v**2 + 6*v - 1. Let d be n(7). Let h(w) = w**2 + 7*w + 1. What is the remainder when h(d) is divided by -1 + 5 + 0 + 1?
4
Suppose 0*q - q = 0. Suppose q*l = l - 8. Calculate the remainder when l is divided by 3.
2
Let b = 12 + 2. Suppose -243 - 65 = 4*c. Let j = -36 - c. What is the remainder when j is divided by b?
13
Let u(v) = v - 7. Suppose 0 = g - 0*g - 1. Calculate the remainder when u(10) is divided by g.
0
Let u be 3/6 - (-14)/4. What is the remainder when 87 is divided by -60*(3 - 14/u)?
27
Calculate the remainder when 46/(3*(26/6 + -4)) is divided by 25.
21
Suppose j - 26 = 3*j. Let w(o) = -o**2 + o + 7. Let c be w(6). Let p = j - c. Calculate the remainder when 28 is divided by p.
8
Suppose 3*s - 43 = -4*h, 0 = -3*s + 2*h + 38 + 17. Calculate the remainder when 49 is divided by s.
15
Suppose 14*l - 9*l = -135. Calculate the remainder when 101 is divided by -3 - l - (0 - 2).
23
Let j = -6 - -11. Suppose 0 = -j*l + 547 - 117. Calculate the remainder when l is divided by 29.
28
Let n = -6 - -11. Let g(z) = -z**3 + 8*z**2 - 5*z + 3. What is the remainder when g(n) is divided by 14?
11
Let x = -4 + 8. Calculate the remainder when x is divided by 2.
0
Suppose -2*r = -10 - 18. 